. Suppose 0 = -7*x + u*x + 52. What are the prime factors of x?
13
Let q be (2/(-2))/(7/(-28)). Let f(d) = -d + 2. Let o be f(q). What are the prime factors of (o - -2)/(-1) + 11?
11
Let a(r) = r**2 - r - 1. Let y be a(6). Let f = 41 - y. What are the prime factors of f?
2, 3
Let i = -5 + 7. Suppose 4*w + h = 39, i*h + 22 = 3*w - 10. What are the prime factors of w?
2, 5
Let q = -2 - -4. Let b(v) = 3*v - 4*v + 5*v**3 + 5*v**q + 3 + 3*v - 4*v**3. List the prime factors of b(-4).
11
Let x = 40 - 29. Let v(t) = t**2 - 10*t + 12. What are the prime factors of v(x)?
23
Let l = 75 + -42. What are the prime factors of (5 + 0)/(3/l)?
5, 11
Let d(i) = -35*i - 33. List the prime factors of d(-10).
317
Let a be (6/4)/((-9)/(-888)). List the prime factors of (-36)/(-24)*a/6.
37
Suppose 16 = -u + 2. List the prime factors of (1/2)/((-1)/u).
7
Let j be -1*12/1 + 2. Let o = j - -15. Suppose -o*c + 2*y = -28 - 6, -5*c + 28 = y. What are the prime factors of c?
2, 3
Let q = -23 + 21. What are the prime factors of (-4 - -6) + q + 17?
17
Let h(p) = -2*p**3 - p**2 + 1. Let g be h(-1). Let s(u) = u**2 + 3*u - 2. List the prime factors of s(g).
2
Let n(s) = -s**3 - 4*s**2 - 5*s - 6. Let c(i) be the second derivative of i**3/2 + i**2 - 2*i. Let j be c(-2). List the prime factors of n(j).
2, 7
Suppose -5*y = -2*s - 10, -s - 2*s = -4*y + 15. Suppose -3*i + 51 + 0 = y. List the prime factors of i.
17
Suppose -5*u - 3*v + 148 = 0, 2*u = 3*v + 2*v + 84. List the prime factors of u.
2
Let y be (-1)/(2/(-2*1)). Let z(b) = 3*b**3 + 2*b**2 - 2*b + 1. What are the prime factors of z(y)?
2
Let b be 1*(0 - 0 - 1). Let u be (-18)/15*(-5)/2. Let g = b + u. What are the prime factors of g?
2
Suppose -5*p + 6 = -3*p. What are the prime factors of p?
3
Let t(w) = -w**2 + 5*w + 7. Let s be t(7). Let h = s + 2. List the prime factors of ((-6)/h)/((-2)/(-15)).
3
Let p be ((-22)/33)/((-4)/(-282)). Let r = -31 - p. What are the prime factors of r?
2
Suppose -5*f + 5*i + 244 = -186, 3*i = -2*f + 172. Let a = -54 + f. List the prime factors of a.
2
Suppose -3*s = -5*q - 12, -3*q + 4*s - 5 + 0 = 0. What are the prime factors of (-2)/q*(-156)/(-8)?
13
Let c(h) = -h + 2. Let l be c(-2). Suppose -3*f - 5*n = 2, 4*n = -l*f + 8*f + 24. List the prime factors of 1 + -2 - (f + -2).
5
List the prime factors of -8*(-3)/24 - -10*18.
181
Let t(o) = o**2 - 12*o - 27. List the prime factors of t(17).
2, 29
Suppose 0 = -d + 2, 4*d = 5*m - 0*m - 47. Suppose 16*b - 195 = m*b. List the prime factors of b.
3, 13
Let q = -6 + 8. Suppose q*g = g + 3*s + 15, -3*g - 4*s + 6 = 0. What are the prime factors of g?
2, 3
Let g(z) = -3 + 0*z**2 + z**2 - 4*z + 3*z**2. What are the prime factors of g(-2)?
3, 7
Let n(z) = -z**2 + 10*z - 6. Let v be n(9). Suppose -w + v = 6. List the prime factors of w*(-2)/6 - -3.
2
Suppose w = -0*w + 6. Suppose 5*k = -z + w, 3*z - k = z + 1. Suppose -i + z = 3*b, 0 = -5*i - b + 34 - 1. What are the prime factors of i?
7
Let y = 38 - 26. What are the prime factors of y?
2, 3
Suppose 0 = -5*h + 2*h + 90. What are the prime factors of h?
2, 3, 5
Let v(o) = 2*o + 3 - 4*o + 2 + o**3 + o. List the prime factors of v(0).
5
Suppose -2*i - 2*r + 0 + 10 = 0, -4*i = -r + 5. Let n(g) = g**2 - g + 18. List the prime factors of n(i).
2, 3
Suppose 0 = 2*q + 2*q - 12. Suppose 5*u = q*u - 4*z - 4, 6 = -3*z. What are the prime factors of u?
2
Suppose 14 = 2*r - 2*f, -2*r - 3*r - 3*f + 3 = 0. Suppose 36 = 4*t + 2*o, r*t + 2*o = 22 + 3. List the prime factors of t.
11
Suppose 2*j = j + 25. Suppose 0 = 2*m + m - 15. Suppose 0 = 4*i - m*w + 17 - 4, 5*w - j = 0. What are the prime factors of i?
3
Suppose i - 2*q = -7*q + 190, 4*i = 3*q + 714. List the prime factors of i.
2, 3, 5
Let b(n) = n**3 - n**2 + n - 3. Let a be (1 + 15/(-6))*-2. Let p be b(a). What are the prime factors of 119/9 - 4/p?
13
Let u(p) = 7*p**3 - p**2 - p - 2. Let r be u(-2). Let z = -33 - r. List the prime factors of z.
3
Let v(d) be the first derivative of 3*d**2/2 + 2*d - 3. What are the prime factors of v(1)?
5
Let r(h) be the second derivative of 3/2*h**2 - h + 0 + 11/12*h**4 - 1/6*h**3 + 1/20*h**5. What are the prime factors of r(-11)?
2, 7
Suppose -x = -5*k + x - 51, x = k + 9. Let s = k - -3. List the prime factors of 4/(-16) + (-138)/s.
17
Let a(t) = -t**3 - 7*t**2 - 8*t - 6. Let s be a(-7). Suppose 0 = 2*w - 3*m - 16, w + s = 4*w + 2*m. What are the prime factors of w?
2, 7
Let j(y) = -y - 3. Let a be j(4). Suppose 3*w = 3*n + 25 + 11, -16 = -w - n. Let t = a + w. What are the prime factors of t?
7
Let h(c) be the second derivative of -c**3/3 + c**2/2 + c. Suppose 0 = -4*r - 4, -s = -2*r + 3*r + 4. What are the prime factors of h(s)?
7
Suppose -3*i - 4*n - n = -20, 8 = 3*i + 2*n. Suppose i = -4*y - 0*y + 48. What are the prime factors of y?
2, 3
Suppose 4*v + 32 = -0*v. List the prime factors of (v/6)/(6/(-27)).
2, 3
What are the prime factors of (-352)/(-12) + 2/3?
2, 3, 5
Let u(y) = y**2 - 2. What are the prime factors of u(6)?
2, 17
Let u be -2*(-2 + (-2)/(-2)). Let s be ((-14)/4 + u)*-2. Suppose -s*x + 7 + 2 = 0. List the prime factors of x.
3
Suppose t = -a + 5*t + 311, 3*t = -4*a + 1282. What are the prime factors of a?
11, 29
What are the prime factors of 5*8 + (-2 - 0)?
2, 19
Suppose -5*m - j + 3*j = -9, -5*j + 24 = 3*m. Suppose m*v - 11 = 4. What are the prime factors of v?
5
Suppose -z + 0 = -10. Let h(u) = 0 + 3*u - 9 - u. What are the prime factors of h(z)?
11
Let q be -1 + 3 - (31 + 1). What are the prime factors of q/(-2) + -2 + 1?
2, 7
Let p(w) be the second derivative of -w**4/12 + 2*w**3/3 + w**2/2 - 3*w. Let q be p(3). Suppose q*i - 9 + 1 = 0. List the prime factors of i.
2
Let q be (-3)/6 - (-51)/6. Let s = q + -6. What are the prime factors of s?
2
Suppose 2*w + 17 = 3*p - 6, -9 = -p + w. Suppose -d - 2 = -2*d - 3*q, p*d = q + 58. Suppose g - d = 3. List the prime factors of g.
2, 7
Let p = -4 - -6. Suppose -b - p = -5. List the prime factors of b.
3
Let h(s) = 25*s + 8. What are the prime factors of h(7)?
3, 61
Let u = -10 + 10. Suppose -2 = -s + q - u, -16 = -4*q. What are the prime factors of s?
2, 3
Let v = 140 - 78. Suppose -v = -3*q - n, 0*q = -4*q + 5*n + 89. List the prime factors of q.
3, 7
Suppose -3*l - 33 = -2*m + 205, -240 = -2*m + 4*l. Suppose -5*p + m = 2*g, -4*g + 4*p = 30 - 206. List the prime factors of g.
2, 3
Suppose -7*o + 120 = -2*o. What are the prime factors of o?
2, 3
Let o be (3 - (-3 - 0)) + -3. Suppose 4*j - 22 = o*j. What are the prime factors of j?
2, 11
Suppose 0*n - 5*n + 3*y + 267 = 0, -5*y - 20 = 0. What are the prime factors of n?
3, 17
Suppose -10 = -4*x - 0*x + 2*a, -x + 5*a - 2 = 0. Suppose 35 = 2*u + x*u. List the prime factors of u.
7
Let n = 0 + 7. Let g = n + 14. What are the prime factors of g?
3, 7
Let d(n) = n**2 - 8*n - 14. Suppose 31 = 5*c - 19. List the prime factors of d(c).
2, 3
List the prime factors of (-14)/28 + ((-101)/(-2) - 0).
2, 5
Let k = 17 - 10. Suppose -k*t + 105 = -2*t. What are the prime factors of t?
3, 7
Suppose 5*c - w - 46 = -0*w, -c - w = -8. What are the prime factors of c?
3
List the prime factors of (44/16)/11 + (-1375)/(-4).
2, 43
Suppose -g = 3*g - 4*n - 60, g - 3*n - 21 = 0. What are the prime factors of g + -1 - (4 + -3)?
2, 5
Let c = 8 + -29. Let u be (2 - 3)/(3/c). Suppose -3*d = -8 - u. List the prime factors of d.
5
Suppose 0 = l + 3*v + 264, 266 = l - 2*l - 2*v. What are the prime factors of ((-6)/9)/(5/l)?
2, 3
Let m be 0/(3 + -6) - -4. Suppose -5*v + 52 = m*c, -2*c - v - 39 = -5*c. Let r = 25 - c. What are the prime factors of r?
2, 3
Let r(c) = -6*c - 2. Suppose j + 2 = -0. What are the prime factors of r(j)?
2, 5
Let d = 4 + -4. Suppose -c + 11 + 9 = d. What are the prime factors of c?
2, 5
Let g be (-3 + 0 - -2) + 4. What are the prime factors of 2/g + (-210)/(-9)?
2, 3
Let c = 24 + 17. List the prime factors of c.
41
Let p(m) = -3*m - 6. List the prime factors of p(-6).
2, 3
Let d(r) = -r + 3. Let j be d(4). Let k be ((-44)/12)/(j/3). Let m = k - 1. List the prime factors of m.
2, 5
Suppose 3*o - 5*k = -o + 25, 4*k + 20 = o. Suppose -5*p + 2 - 13 = -2*r, -20 = -4*p. Suppose 2*m = -2*y - 0*y, 4*y - 5*m - r = o. List the prime factors of y.
2
Suppose -j = -0 - 3. Suppose t + 5*o = 36, -5*t + 45 = -j*o + o. What are the pri